{"id":456,"date":"2016-12-19T11:28:26","date_gmt":"2016-12-19T10:28:26","guid":{"rendered":"http:\/\/goscinnakamienica.com.pl\/?page_id=456"},"modified":"2017-08-02T10:08:18","modified_gmt":"2017-08-02T08:08:18","slug":"regulamin","status":"publish","type":"page","link":"https:\/\/goscinnakamienica.dfirma.pl\/index.php\/obiekt\/regulamin\/","title":{"rendered":"Regulamin"},"content":{"rendered":"<p><em>\u00a0<\/em><\/p>\n<h2><strong><em>Regulamin Go\u015bcinnej Kamienicy<\/em><\/strong><\/h2>\n<p><em>Dyrekcja Go\u015bcinnej Kamienicy b\u0119dzie Pa\u0144stwu bardzo wdzi\u0119czna za wsp\u00f3\u0142prac\u0119\u00a0 w przestrzeganiu niniejszego regulaminu, kt\u00f3ry ma s\u0142u\u017cy\u0107 zapewnieniu spokoju i bezpiecze\u0144stwa pobytu wszystkich naszych Go\u015bci.<\/em><\/p>\n<p><em>\u00a0<\/em><\/p>\n<p><em><strong>1<\/strong>.Pok\u00f3j w Go\u015bcinnej Kamienicy wynajmowany jest na doby.<\/em><\/p>\n<p><em><strong>2<\/strong>.Doba Go\u015bcinnej Kamienicy trwa od godziny 14.00 do godziny 12.00 dnia nast\u0119pnego<\/em><\/p>\n<p><em><strong>3.<\/strong>Je\u015bli go\u015b\u0107 nie okre\u015bli\u0142 czasu pobytu najmuj\u0105c pok\u00f3j przyjmuje si\u0119, ze pok\u00f3j zosta\u0142 wynaj\u0119ty na jedn\u0105 dob\u0119.<\/em><\/p>\n<p><em><strong>4.<\/strong>\u017byczenie przed\u0142u\u017cenia pobytu poza okres wskazany w dniu przybycia, go\u015b\u0107 Go\u015bcinnej Kamienicy powinien zg\u0142osi\u0107 w recepcji do godziny 10:00 dnia, w kt\u00f3rym up\u0142ywa termin najmu pokoju.<\/em><\/p>\n<p><em><strong>5<\/strong>.Go\u015bcina Kamienica uwzgl\u0119dnia \u017cyczenia przed\u0142u\u017cenia pobytu w miar\u0119 posiadanych mo\u017cliwo\u015bci.<\/em><\/p>\n<p><em><strong>6.<\/strong>Go\u015bcinna Kamienica mo\u017ce odm\u00f3wi\u0107 przyj\u0119cia go\u015bcia, kt\u00f3ry podczas poprzedniego pobytu ra\u017c\u0105co naruszy\u0142 regulamin obiektu, wyrz\u0105dzaj\u0105c szkod\u0119 w mieniu, go\u015bci, pracownik\u00f3w lub innych os\u00f3b w nim przebywaj\u0105cych, albo te\u017c w inny spos\u00f3b zak\u0142\u00f3ci\u0142 spok\u00f3j w Go\u015bcinnej Kamienicy..<\/em><\/p>\n<p><em><strong>7<\/strong>.W Go\u015bcinnej Kamienicy obowi\u0105zuje cisza w godzinach 22.00\u20136.00.<\/em><\/p>\n<p><em><strong>8<\/strong>.W godzinach ciszy nocnej osoby korzystaj\u0105ce z us\u0142ug Go\u015bcinnej Kamienicy maj\u0105 obowi\u0105zek tak si\u0119 zachowywa\u0107, by nie zak\u0142\u00f3ca\u0107 spokoju innych go\u015bci<strong>.<\/strong><\/em><\/p>\n<p><em><strong>9<\/strong>.Osoby nie zameldowane w Go\u015bcinnej Kamienicy mog\u0105 przebywa\u0107 w pokoju Go\u015bcinnej Kamienicy od godziny 7.00 do godziny 22.00.<\/em><\/p>\n<p><em><strong>10<\/strong>.W przypadku rezerwacji miejsca hotelowego, za kt\u00f3re Klient zdecydowa\u0142 si\u0119 zap\u0142aci\u0107 bezpo\u015brednio w Go\u015bcinnej Kamienicy rezerwacja dokonana za pomoc\u0105: serwisu rezerwacyjnego on-line, rezerwacja telefoniczna lub mailowa utrzymywana jest do godz. 18.00 w dniu przyjazdu. Po up\u0142ywie tego terminu obiekt, w kt\u00f3rym dokonano rezerwacji jest upowa\u017cniony do jej anulowania w razie braku kontaktu z klientem. <\/em><\/p>\n<p><em><strong>11<\/strong>.W przypadku potwierdzenia rezerwacji pokoju do godziny 18:00 w dniu przyjazdu lub w przypadku nie dotarcia Go\u015bcia w zaplanowanym terminie do obiektu. Go\u015bcinna Kamienica ma prawo \u017c\u0105da\u0107 od Go\u015bcia op\u0142aty za pierwsz\u0105 dob\u0119 w wysoko\u015bci 100% ceny pokoju zarezerwowanego.<\/em><\/p>\n<p><em><strong>12<\/strong>.Go\u015bcinna Kamienica \u015bwiadczy us\u0142ugi zgodnie ze swoj\u0105 kategori\u0105 i standardem. W przypadku zastrze\u017ce\u0144 dotycz\u0105cych jako\u015bci us\u0142ug prosimy o jak najszybsze zg\u0142aszanie ich do recepcji, co umo\u017cliwi nam niezw\u0142oczn\u0105 reakcj\u0119.<\/em><\/p>\n<p><em><strong>13<\/strong>.Go\u015bcinna Kamienica ma obowi\u0105zek zapewni\u0107: <\/em><\/p>\n<ul>\n<li><em>warunki pe\u0142nego i nieskr\u0119powanego wypoczynku go\u015bcia <\/em><\/li>\n<li><em>bezpiecze\u0144stwo pobytu, w tym zachowanie tajemnicy informacji o go\u015bciu <\/em><\/li>\n<li><em>profesjonaln\u0105 i uprzejm\u0105 obs\u0142ug\u0119 <\/em><\/li>\n<li><em>w miar\u0119 posiadanych mo\u017cliwo\u015bci inny pok\u00f3j lub w inny spos\u00f3b z\u0142agodzi\u0107 niedogodno\u015bci, gdy wyst\u0119puj\u0105ce w pokoju usterki nie b\u0119d\u0105 mog\u0142y by\u0107 usuni\u0119te.<\/em><\/li>\n<\/ul>\n<p><em><strong>\u00a014<\/strong>.Na \u017cyczenie go\u015bcia Go\u015bcinna Kamienica \u015bwiadczy nieodp\u0142atnie nast\u0119puj\u0105ce us\u0142ugi: <\/em><\/p>\n<ul>\n<li><em>udzielania informacji zwi\u0105zanych z pobytem i podr\u00f3\u017c\u0105<\/em><\/li>\n<li><em>budzenie o wyznaczonej godzinie<\/em><\/li>\n<li><em>obs\u0142uga pokoju w tym sprz\u0105tanie tylko w\u00f3wczas gdy na drzwiach pokoju jest wywieszona taka informacja<\/em><\/li>\n<\/ul>\n<p><em><strong>15<\/strong>.Go\u015bcinna Kamienica nie ponosi odpowiedzialno\u015bci z tytu\u0142u utraty lub uszkodzenia pieni\u0119dzy, papier\u00f3w warto\u015bciowych, kosztowno\u015bci, innych rzeczy i przedmiot\u00f3w warto\u015bciowych albo przedmiot\u00f3w maj\u0105cych warto\u015b\u0107 naukow\u0105 lub artystyczn\u0105, je\u017celi nie zostan\u0105 one oddane do depozytu w recepcji..<\/em><\/p>\n<p><em><strong>16<\/strong>.Go\u015bcinna Kamienica nie ponosi odpowiedzialno\u015bci za uszkodzenia lub utrat\u0119 samochodu lub innego pojazdu nale\u017c\u0105cego do Go\u015bcia, parking Go\u015bcinnej Kamienicy jest niestrze\u017cony. <\/em><\/p>\n<p><em><strong>17<\/strong>.Ze wzgl\u0119du na bezpiecze\u0144stwo przeciwpo\u017carowe zabronione jest u\u017cywanie w pokojach grza\u0142ek, \u017celazek elektrycznych i innych podobnych urz\u0105dze\u0144 nie stanowi\u0105cych wyposa\u017cenia pokoju Go\u015bcinnej Kamienicy, a tak\u017ce palenia ognia lub papieros\u00f3w.<\/em><\/p>\n<p><em><strong>18<\/strong>.Z\u0142amanie zakazu palenia papieros\u00f3w i\u00a0wyrob\u00f3w tytoniowych w\u00a0pokoju hotelowym jest r\u00f3wnoznaczne z\u00a0wyra\u017ceniem przez\u00a0najmuj\u0105cego pok\u00f3j go\u015bcia zgody na pokrycie koszt\u00f3w dearomatyzacji pokoju w\u00a0wysoko\u015bci 500 z\u0142otych.<\/em><\/p>\n<p><em><strong>19<\/strong>.Przedmioty osobistego u\u017cytku pozostawione przez wyje\u017cd\u017caj\u0105cego go\u015bcia w pokoju Go\u015bcinnej Kamienicy b\u0119d\u0105 odes\u0142ane na adres wskazany przez go\u015bcia. W przypadku nie otrzymania takiej dyspozycji, Go\u015bcinna Kamienica przechowa te przedmioty przez 3 miesi\u0105ce.<\/em><\/p>\n<p><em><strong>20<\/strong>.Go\u015bcie ponosz\u0105 pe\u0142n\u0105 odpowiedzialno\u015b\u0107 za zniszczenie lub zagini\u0119cie wyposa\u017cenia pokoju lub mienia powierzonego im do u\u017cytku przez Go\u015bcinn\u0105 Kamienic\u0119.<\/em><\/p>\n<p><em><strong>21.<\/strong>Przez ca\u0142y czas pobytu w\u00a0hotelu dzieci poni\u017cej 13 lat musz\u0105 znajdowa\u0107 si\u0119 pod sta\u0142\u0105 opiek\u0105 i\u00a0nadzorem os\u00f3b doros\u0142ych.Za zachowania dzieci, w\u00a0tym poczynione uszkodzenia i\u00a0lub szkody odpowiadaj\u0105 opiekunowie prawni dzieci.<\/em><\/p>\n<p><em><strong>22<\/strong>.Rozpocz\u0119cie pobytu w\u00a0hotelu jest r\u00f3wnoznaczne z\u00a0zaakceptowaniem przepis\u00f3w tego regulaminu przez\u00a0Go\u015bcia.<\/em><\/p>\n<p><strong><em><br \/>\n<\/em><\/strong><\/p>\n<p><strong><em>Dyrekcja Go\u015bcinnej Kamienicy<\/em><\/strong><\/p>\n<p><strong><em>\u00a0<\/em><\/strong><\/p>\n","protected":false},"excerpt":{"rendered":"<p>\u00a0 Regulamin Go\u015bcinnej Kamienicy Dyrekcja Go\u015bcinnej Kamienicy b\u0119dzie Pa\u0144stwu bardzo wdzi\u0119czna za wsp\u00f3\u0142prac\u0119\u00a0 w przestrzeganiu niniejszego regulaminu, kt\u00f3ry ma s\u0142u\u017cy\u0107 zapewnieniu spokoju i bezpiecze\u0144stwa pobytu wszystkich naszych Go\u015bci. \u00a0 1.Pok\u00f3j w Go\u015bcinnej Kamienicy wynajmowany jest na doby. 2.Doba Go\u015bcinnej Kamienicy trwa od godziny 14.00 do godziny 12.00 dnia nast\u0119pnego 3.Je\u015bli go\u015b\u0107 nie okre\u015bli\u0142 czasu pobytu [&hellip;]<\/p>\n","protected":false},"author":1,"featured_media":0,"parent":420,"menu_order":0,"comment_status":"closed","ping_status":"closed","template":"","meta":[],"_links":{"self":[{"href":"https:\/\/goscinnakamienica.dfirma.pl\/index.php\/wp-json\/wp\/v2\/pages\/456"}],"collection":[{"href":"https:\/\/goscinnakamienica.dfirma.pl\/index.php\/wp-json\/wp\/v2\/pages"}],"about":[{"href":"https:\/\/goscinnakamienica.dfirma.pl\/index.php\/wp-json\/wp\/v2\/types\/page"}],"author":[{"embeddable":true,"href":"https:\/\/goscinnakamienica.dfirma.pl\/index.php\/wp-json\/wp\/v2\/users\/1"}],"replies":[{"embeddable":true,"href":"https:\/\/goscinnakamienica.dfirma.pl\/index.php\/wp-json\/wp\/v2\/comments?post=456"}],"version-history":[{"count":5,"href":"https:\/\/goscinnakamienica.dfirma.pl\/index.php\/wp-json\/wp\/v2\/pages\/456\/revisions"}],"predecessor-version":[{"id":926,"href":"https:\/\/goscinnakamienica.dfirma.pl\/index.php\/wp-json\/wp\/v2\/pages\/456\/revisions\/926"}],"up":[{"embeddable":true,"href":"https:\/\/goscinnakamienica.dfirma.pl\/index.php\/wp-json\/wp\/v2\/pages\/420"}],"wp:attachment":[{"href":"https:\/\/goscinnakamienica.dfirma.pl\/index.php\/wp-json\/wp\/v2\/media?parent=456"}],"curies":[{"name":"wp","href":"https:\/\/api.w.org\/{rel}","templated":true}]}}